 = 11 - 13. Let t = 4 + d. Suppose -3*y + 9 = 0, -3*g + 2 = -t*y - 1. What is the remainder when 8 is divided by g?
2
Let a(s) = -s**3 + 6*s**2 - 4*s. Let p(n) = -n**2 - 9*n - 2. Suppose 0 = 3*h + 7 + 8. Calculate the remainder when p(h) is divided by a(5).
3
Suppose -196 = -8*k + 340. Let a = k - 19. Calculate the remainder when a is divided by 20.
8
Suppose 3*v - 38 = 7. Let f = v - -12. Calculate the remainder when f is divided by 7.
6
Suppose 0 = -5*a + 3*a - 4*o - 6, -3*a - 1 = 4*o. Suppose a*b - 14 = 6. What is the remainder when (-2 - (-18)/(-2))*-1 is divided by b?
3
Calculate the remainder when (-882)/(-4) - (-2)/4 is divided by 21624/1431 - (-10)/(-9).
11
Suppose -3*p + 8 + 334 = 0. What is the remainder when 123 is divided by p?
9
What is the remainder when (178/8)/(71/568) is divided by 177?
1
Suppose -b - 4*c = 5 + 1, -2*c - 18 = -b. Suppose -26*g + b = -25*g. What is the remainder when 37 is divided by g?
7
Suppose 0 = 2*b + c - 26, -c - 47 = -5*b + c. Let i = 13 - b. Suppose -4*g = -g + i*o - 95, 97 = 3*g + 4*o. Calculate the remainder when g is divided by 11.
9
Suppose -5*p + 149 = 49. What is the remainder when 117 is divided by p?
17
Let r(v) = 4*v**2 + 6*v - 48. Calculate the remainder when r(-8) is divided by 18.
16
Suppose 2 = 5*u - 8. Let z(d) = -2*d**2 + 8*d + d**u + 9*d**2 - 5 + 0 + d**3. Calculate the remainder when z(-6) is divided by 5.
4
Suppose -4*z + 4*j - 7 = -15, 0 = z + 3*j - 10. Suppose -z*y + 6*c + 119 = c, -3*y = -2*c - 84. What is the remainder when 126 is divided by y?
22
Let t be 0 - 0 - (6 - -39). Let o = t + 95. What is the remainder when o is divided by 13?
11
Let r = 254 + -204. What is the remainder when 93 is divided by r?
43
Let j = -14 + 270. What is the remainder when j is divided by 20?
16
Suppose 10*s = -5*s. Suppose -4*p = 3*m - 5*p - 322, -m - p + 106 = s. Let n = -50 + 86. Calculate the remainder when m is divided by n.
35
Let q = 50 - 48. Suppose 4*m - 192 = m + 3*b, -2*m - q*b = -144. What is the remainder when m is divided by 14?
12
Let r(v) = -v**2 + 34*v + 10. What is the remainder when r(26) is divided by 23?
11
Calculate the remainder when 286 is divided by (-16)/(7 + -23)*(0 - -17).
14
Let d(w) = 504*w**3 + 7*w**2 - 4*w - 1. What is the remainder when d(1) is divided by 85?
81
Let t = -379 - -384. Calculate the remainder when 61 is divided by t.
1
Suppose -o = 4*k - 8*k - 6, o = 5*k + 3. Let w = 176 + -166. Calculate the remainder when o is divided by w.
8
Let r = 6 + -2. Suppose -2*l - r*l + 66 = 0. Calculate the remainder when 131 is divided by l.
10
Let c(s) = 28*s + s**3 - 13*s - 17*s. Let n = -5 - -8. What is the remainder when 41 is divided by c(n)?
20
Suppose -66 = 4*h - 866. Calculate the remainder when 30 is divided by h/30*(-12)/(-10).
6
Let u = -30 - -47. Suppose -3*l = i - u, -6*l + 2*l + 12 = 4*i. Calculate the remainder when 12 is divided by l.
5
Let p = 523 + -460. Let c(n) = -2*n**2 + 4*n - 2. Let s be c(2). Calculate the remainder when p is divided by (0 + -1)*26/s.
11
Let a = -1843 + 1870. What is the remainder when 169 is divided by a?
7
Suppose i + i = 0, -45 = -5*l + i. Calculate the remainder when 42 - (-2 + -1 + -2 + 5) is divided by l.
6
Let n = 5 - -9. Suppose -190 = -2*x - 0*x. Let s = -55 + x. Calculate the remainder when s is divided by n.
12
Suppose -258 = -5*u - 2*z + 204, -2*u + 188 = 4*z. Calculate the remainder when 459 is divided by u.
91
Let j = -1 - -1. Let t(b) = -b**2 + 37. Calculate the remainder when t(j) is divided by (-65)/(-20)*(-17 + 21).
11
Let p(t) = -t**3 + 14*t**2 + 94*t + 55. What is the remainder when p(19) is divided by 2?
0
Let s(t) = 143*t**2 - 7*t + 5. Calculate the remainder when s(1) is divided by 41.
18
Suppose 208 = 33*r - 485. What is the remainder when 90 is divided by r?
6
Let s be 22 - (-4)/(-4)*2. Let c be (-10)/(-4) + (-10)/s. What is the remainder when c*6/4 - -59 is divided by 16?
14
Let z = -23 - -25. Suppose -13*m = -z*m - 286. Calculate the remainder when 97 is divided by m.
19
Let u(n) = -n**3 + 8*n**2 - 11*n + 3. Let h be u(6). Calculate the remainder when 32 is divided by h/(-12) - 94/(-8).
10
Suppose -4687 = -h - 4512. What is the remainder when h is divided by 36?
31
Let g be ((-10)/20)/(2/(-20)). Let f = g + 7. Suppose -8 = -4*k + f. Calculate the remainder when 8 is divided by k.
3
Let o(d) = 23*d**2 + 8*d - 37. What is the remainder when o(11) is divided by 15?
14
Suppose 5*h = 2*h + 138. Calculate the remainder when h is divided by (-6 + (-117)/(-15))/((-12)/(-80)).
10
Let b(j) = 63*j - 22. Let r(m) = 819*m - 285. Let x(p) = -27*b(p) + 2*r(p). Calculate the remainder when x(-3) is divided by 24.
21
Suppose -t = 2*s - 3, 5*t + 6*s - 3*s = 22. Calculate the remainder when 1206/15 + 3/t is divided by 21.
18
Let d(a) = -a**2 - 8*a + 5. Let v be d(-5). Suppose -2*u = -5*u + 3*f - 6, 4*u = -3*f + v. Let o = 1 + 6. Calculate the remainder when o is divided by u.
1
Let u = 2 - -13. Let z(k) = -71*k**2 + 3*k - 2. Let q be z(1). What is the remainder when (588/q)/(1/(-5)) is divided by u?
12
Let o = 8 - -2. Suppose -x - p = -3*p - o, 0 = -p - 2. What is the remainder when 9 is divided by x?
3
Let k(a) = -a**3 - 12*a**2 + 12*a - 13. Let i be k(-13). Suppose d - 6 - 19 = i. What is the remainder when 71 is divided by d?
21
Suppose -2*d + 144 = 4*w + 60, 4*d - 113 = 3*w. Let s = -420 + 545. What is the remainder when s is divided by d?
29
Let z(p) = -p**2 + 71*p - 289. Calculate the remainder when z(60) is divided by 18.
11
Let k(t) = -t**3 - 6*t**2 - 2*t - 1. Suppose -3*h + 54 = 3. Calculate the remainder when k(-7) is divided by h.
11
Suppose -52*b - 12 = -58*b. Suppose 5*s = -b*u + 265 + 142, 160 = 2*s - 2*u. What is the remainder when s is divided by 42?
39
Suppose 42*s - 60 = -l + 47*s, 0 = -5*l + 5*s + 180. Let b(y) = -y**2 + 119. Calculate the remainder when b(0) is divided by l.
29
Suppose -b - 92 = -4*w, -w = 2*w - 5*b - 86. Let i(x) = x**3 - 40*x**2 + 118*x - 217. What is the remainder when i(37) is divided by w?
20
Let u = 15 - 7. Calculate the remainder when (((-2)/(-7))/((-4)/(-28)))/((-2)/(-22)) is divided by u.
6
Let d(q) = -q**2 + 17*q + 40. Let u be d(19). Suppose 0 = u*i - 44. What is the remainder when i is divided by 6?
4
Let m = -318 - -335. Calculate the remainder when m is divided by ((-24)/28)/(-3)*14.
1
Suppose -370 - 741 = -11*j. What is the remainder when j is divided by 23?
9
Let l(z) = -2*z + 45. What is the remainder when 103 is divided by l(5)?
33
Suppose -q + 2 - 3 = 0. Let r(w) = -w**2 + 12. Calculate the remainder when (-2 + 40/25)/(q/80) is divided by r(0).
8
Let u = 88 + -84. Suppose 30 = 3*k - 15. What is the remainder when k is divided by u?
3
Suppose 2*u = 9*u - 371. Calculate the remainder when u is divided by 23.
7
Suppose 0 = 2*a - 5*s + 65, -3*a - 1 = -4*s + 93. Let f = a - -32. Suppose f*w = 35 + 17. What is the remainder when 101 is divided by w?
23
Let w(m) = 11*m + 1. Suppose -5563 + 4267 = -16*c. What is the remainder when c is divided by w(1)?
9
Suppose -8*u = 7*u - 30. Suppose 2*y + 10*k = 9*k + 23, -u*k = -4*y + 26. Calculate the remainder when 88 is divided by y.
7
Let a(m) = 4*m**2 + 3*m - 4. Let c(u) = u**3 + 16*u**2 - 54*u + 63. Calculate the remainder when a(-3) is divided by c(-19).
5
Let m(i) = 12*i + 732. Calculate the remainder when 454 is divided by m(-59).
22
Suppose 0 = 75*x - 105*x + 2190. Calculate the remainder when 191 is divided by x.
45
What is the remainder when 7 + -21 + 5 + 155 is divided by 41?
23
Calculate the remainder when (-41118)/(-33)*(-2)/(-4) is divided by 12.
11
Let l be 5/(-10) + (-1)/2. Let d(t) = 59*t**3 + t**2. Let u be d(l). Let f = u - -101. What is the remainder when f is divided by 11?
10
Let a = -31 + 31. Suppose 4*c - 4 = a, -2*q + 52 = -5*c + 1. Calculate the remainder when 4 + 76 + 1/1 is divided by q.
25
Let c(s) = -11*s + 4. Let f = 480 + -467. Calculate the remainder when c(-4) is divided by f.
9
Suppose 0 = -378*a + 341*a + 1776. Suppose -6*c - 2*z = -2*c - 74, 5*c - 3*z = 76. What is the remainder when a is divided by c?
14
Suppose 14*a + 360 = 16*a + 13*a. Let x(g) = g**2 + 5*g + 8. What is the remainder when a is divided by x(-6)?
10
Suppose 4*m - 11 = 5. Suppose 0 = m*n - n - 18. Calculate the remainder when (-3)/(